{"id":13430,"date":"2025-06-04T15:38:33","date_gmt":"2025-06-04T18:38:33","guid":{"rendered":"https:\/\/comsefaz.org.br\/novo\/?page_id=13430"},"modified":"2026-02-10T18:56:14","modified_gmt":"2026-02-10T21:56:14","slug":"boletim-fiscal-dos-estados-brasileiros","status":"publish","type":"page","link":"https:\/\/comsefaz.org.br\/novo\/boletim-fiscal-dos-estados-brasileiros\/","title":{"rendered":"Boletim Fiscal dos Estados Brasileiros"},"content":{"rendered":"\t\t<div data-elementor-type=\"wp-page\" data-elementor-id=\"13430\" class=\"elementor elementor-13430\" data-elementor-post-type=\"page\">\n\t\t\t\t<div class=\"elementor-element elementor-element-b774046 e-flex e-con-boxed e-con e-parent\" data-id=\"b774046\" data-element_type=\"container\" data-settings=\"{&quot;background_background&quot;:&quot;classic&quot;}\">\n\t\t\t\t\t<div class=\"e-con-inner\">\n\t\t\t\t\t<\/div>\n\t\t\t\t<\/div>\n\t\t<div class=\"elementor-element elementor-element-4d27582 e-flex e-con-boxed e-con e-parent\" data-id=\"4d27582\" data-element_type=\"container\">\n\t\t\t\t\t<div class=\"e-con-inner\">\n\t\t<div class=\"elementor-element elementor-element-650dbec e-con-full e-flex e-con e-child\" data-id=\"650dbec\" data-element_type=\"container\" data-settings=\"{&quot;background_background&quot;:&quot;classic&quot;}\">\n\t\t<div class=\"elementor-element elementor-element-2914b7a e-con-full e-flex e-con e-child\" data-id=\"2914b7a\" data-element_type=\"container\">\n\t\t\t\t<div class=\"elementor-element elementor-element-ff4f3c6 elementor-widget elementor-widget-heading\" data-id=\"ff4f3c6\" data-element_type=\"widget\" data-widget_type=\"heading.default\">\n\t\t\t\t<div class=\"elementor-widget-container\">\n\t\t\t\t\t<h2 class=\"elementor-heading-title elementor-size-default\">Federalismo em Foco: Boletim Fiscal dos Estados<\/h2>\t\t\t\t<\/div>\n\t\t\t\t<\/div>\n\t\t\t\t<div class=\"elementor-element elementor-element-5317a0e elementor-widget elementor-widget-text-editor\" data-id=\"5317a0e\" data-element_type=\"widget\" data-widget_type=\"text-editor.default\">\n\t\t\t\t<div class=\"elementor-widget-container\">\n\t\t\t\t\t\t\t\t\t<p>O boletim \u00e9 uma contribui\u00e7\u00e3o do Comsefaz e do CICEF para a discuss\u00e3o macroecon\u00f4mica do pa\u00eds, com destaque particular para as \u00e1reas fiscal, financeira e tribut\u00e1ria dos estados. Ele tem como finalidade \u00faltima ajudar em uma das raz\u00f5es de ser do Comsefaz, que \u00e9 o aperfei\u00e7oamento do federalismo brasileiro, fazendo com que a an\u00e1lise acad\u00eamica caminhe junto da realidade do dia a dia vivenciada por cada uma das 27 fazendas estaduais. O boletim \u00e9, portanto, uma maneira de as secretarias de fazenda, em parceria com a academia, apresentarem \u00e0 sociedade brasileira as suas expertises nesses temas.<\/p>\t\t\t\t\t\t\t\t<\/div>\n\t\t\t\t<\/div>\n\t\t\t\t<\/div>\n\t\t<div class=\"elementor-element elementor-element-cbbd990 e-con-full e-flex e-con e-child\" data-id=\"cbbd990\" data-element_type=\"container\">\n\t\t\t\t<div class=\"elementor-element elementor-element-1b6e779 elementor-widget elementor-widget-image\" data-id=\"1b6e779\" data-element_type=\"widget\" data-widget_type=\"image.default\">\n\t\t\t\t<div class=\"elementor-widget-container\">\n\t\t\t\t\t\t\t\t\t\t\t\t\t\t\t<img fetchpriority=\"high\" decoding=\"async\" width=\"2048\" height=\"1254\" src=\"https:\/\/comsefaz.org.br\/novo\/wp-content\/uploads\/2025\/06\/Psd-01-1-2048x1254.png\" class=\"attachment-2048x2048 size-2048x2048 wp-image-13437\" alt=\"\" srcset=\"https:\/\/comsefaz.org.br\/novo\/wp-content\/uploads\/2025\/06\/Psd-01-1-2048x1254.png 2048w, https:\/\/comsefaz.org.br\/novo\/wp-content\/uploads\/2025\/06\/Psd-01-1-300x184.png 300w, https:\/\/comsefaz.org.br\/novo\/wp-content\/uploads\/2025\/06\/Psd-01-1-1024x627.png 1024w, https:\/\/comsefaz.org.br\/novo\/wp-content\/uploads\/2025\/06\/Psd-01-1-768x470.png 768w, https:\/\/comsefaz.org.br\/novo\/wp-content\/uploads\/2025\/06\/Psd-01-1-1536x941.png 1536w\" sizes=\"(max-width: 2048px) 100vw, 2048px\" \/>\t\t\t\t\t\t\t\t\t\t\t\t\t\t\t<\/div>\n\t\t\t\t<\/div>\n\t\t\t\t<\/div>\n\t\t\t\t<\/div>\n\t\t<div class=\"elementor-element elementor-element-a7dd5c3 e-con-full e-flex e-con e-child\" data-id=\"a7dd5c3\" data-element_type=\"container\">\n\t\t<div class=\"elementor-element elementor-element-16ebdf8 e-con-full e-flex e-con e-child\" data-id=\"16ebdf8\" data-element_type=\"container\">\n\t\t\t\t<div class=\"elementor-element elementor-element-3a7cf75 e-transform elementor-widget elementor-widget-image\" data-id=\"3a7cf75\" data-element_type=\"widget\" data-settings=\"{&quot;_transform_translateY_effect_hover&quot;:{&quot;unit&quot;:&quot;px&quot;,&quot;size&quot;:-10,&quot;sizes&quot;:[]},&quot;_transform_translateX_effect_hover&quot;:{&quot;unit&quot;:&quot;px&quot;,&quot;size&quot;:&quot;&quot;,&quot;sizes&quot;:[]},&quot;_transform_translateX_effect_hover_tablet&quot;:{&quot;unit&quot;:&quot;px&quot;,&quot;size&quot;:&quot;&quot;,&quot;sizes&quot;:[]},&quot;_transform_translateX_effect_hover_mobile&quot;:{&quot;unit&quot;:&quot;px&quot;,&quot;size&quot;:&quot;&quot;,&quot;sizes&quot;:[]},&quot;_transform_translateY_effect_hover_tablet&quot;:{&quot;unit&quot;:&quot;px&quot;,&quot;size&quot;:&quot;&quot;,&quot;sizes&quot;:[]},&quot;_transform_translateY_effect_hover_mobile&quot;:{&quot;unit&quot;:&quot;px&quot;,&quot;size&quot;:&quot;&quot;,&quot;sizes&quot;:[]}}\" data-widget_type=\"image.default\">\n\t\t\t\t<div class=\"elementor-widget-container\">\n\t\t\t\t\t\t\t\t\t\t\t\t\t\t\t<img decoding=\"async\" width=\"800\" height=\"566\" src=\"https:\/\/comsefaz.org.br\/novo\/wp-content\/uploads\/2026\/02\/capa_1-1024x724.png\" class=\"attachment-large size-large wp-image-14636\" alt=\"\" srcset=\"https:\/\/comsefaz.org.br\/novo\/wp-content\/uploads\/2026\/02\/capa_1-1024x724.png 1024w, https:\/\/comsefaz.org.br\/novo\/wp-content\/uploads\/2026\/02\/capa_1-300x212.png 300w, https:\/\/comsefaz.org.br\/novo\/wp-content\/uploads\/2026\/02\/capa_1-768x543.png 768w, https:\/\/comsefaz.org.br\/novo\/wp-content\/uploads\/2026\/02\/capa_1-1536x1086.png 1536w, https:\/\/comsefaz.org.br\/novo\/wp-content\/uploads\/2026\/02\/capa_1-2048x1448.png 2048w\" sizes=\"(max-width: 800px) 100vw, 800px\" \/>\t\t\t\t\t\t\t\t\t\t\t\t\t\t\t<\/div>\n\t\t\t\t<\/div>\n\t\t\t\t<div class=\"elementor-element elementor-element-b7c9233 elementor-widget elementor-widget-heading\" data-id=\"b7c9233\" data-element_type=\"widget\" data-widget_type=\"heading.default\">\n\t\t\t\t<div class=\"elementor-widget-container\">\n\t\t\t\t\t<h2 class=\"elementor-heading-title elementor-size-default\">2\u00aa Edi\u00e7\u00e3o - Update N.2<\/h2>\t\t\t\t<\/div>\n\t\t\t\t<\/div>\n\t\t\t\t<div class=\"elementor-element elementor-element-6a8fd1c elementor-widget elementor-widget-heading\" data-id=\"6a8fd1c\" data-element_type=\"widget\" data-widget_type=\"heading.default\">\n\t\t\t\t<div class=\"elementor-widget-container\">\n\t\t\t\t\t<h2 class=\"elementor-heading-title elementor-size-default\">2026<\/h2>\t\t\t\t<\/div>\n\t\t\t\t<\/div>\n\t\t\t\t<div class=\"elementor-element elementor-element-bb13a8c elementor-widget elementor-widget-button\" data-id=\"bb13a8c\" data-element_type=\"widget\" data-widget_type=\"button.default\">\n\t\t\t\t<div class=\"elementor-widget-container\">\n\t\t\t\t\t\t\t\t\t<div class=\"elementor-button-wrapper\">\n\t\t\t\t\t<a class=\"elementor-button elementor-button-link elementor-size-sm\" href=\"https:\/\/comsefaz.org.br\/novo\/wp-content\/uploads\/2026\/02\/update-2_boletim_fiscal_2_v2.pdf\" target=\"_blank\">\n\t\t\t\t\t\t<span class=\"elementor-button-content-wrapper\">\n\t\t\t\t\t\t<span class=\"elementor-button-icon\">\n\t\t\t\t<i aria-hidden=\"true\" class=\"far fa-arrow-alt-circle-down\"><\/i>\t\t\t<\/span>\n\t\t\t\t\t\t\t\t\t<span class=\"elementor-button-text\">Visualizar<\/span>\n\t\t\t\t\t<\/span>\n\t\t\t\t\t<\/a>\n\t\t\t\t<\/div>\n\t\t\t\t\t\t\t\t<\/div>\n\t\t\t\t<\/div>\n\t\t\t\t<\/div>\n\t\t<div class=\"elementor-element elementor-element-7bf1291 e-con-full e-flex e-con e-child\" data-id=\"7bf1291\" data-element_type=\"container\">\n\t\t\t\t<div class=\"elementor-element elementor-element-9d105d1 e-transform elementor-widget elementor-widget-image\" data-id=\"9d105d1\" data-element_type=\"widget\" data-settings=\"{&quot;_transform_translateY_effect_hover&quot;:{&quot;unit&quot;:&quot;px&quot;,&quot;size&quot;:-10,&quot;sizes&quot;:[]},&quot;_transform_translateX_effect_hover&quot;:{&quot;unit&quot;:&quot;px&quot;,&quot;size&quot;:&quot;&quot;,&quot;sizes&quot;:[]},&quot;_transform_translateX_effect_hover_tablet&quot;:{&quot;unit&quot;:&quot;px&quot;,&quot;size&quot;:&quot;&quot;,&quot;sizes&quot;:[]},&quot;_transform_translateX_effect_hover_mobile&quot;:{&quot;unit&quot;:&quot;px&quot;,&quot;size&quot;:&quot;&quot;,&quot;sizes&quot;:[]},&quot;_transform_translateY_effect_hover_tablet&quot;:{&quot;unit&quot;:&quot;px&quot;,&quot;size&quot;:&quot;&quot;,&quot;sizes&quot;:[]},&quot;_transform_translateY_effect_hover_mobile&quot;:{&quot;unit&quot;:&quot;px&quot;,&quot;size&quot;:&quot;&quot;,&quot;sizes&quot;:[]}}\" data-widget_type=\"image.default\">\n\t\t\t\t<div class=\"elementor-widget-container\">\n\t\t\t\t\t\t\t\t\t\t\t\t\t\t\t<img decoding=\"async\" width=\"800\" height=\"566\" src=\"https:\/\/comsefaz.org.br\/novo\/wp-content\/uploads\/2025\/11\/update-2_boletim_fiscal-1024x724.png\" class=\"attachment-large size-large wp-image-14221\" alt=\"\" srcset=\"https:\/\/comsefaz.org.br\/novo\/wp-content\/uploads\/2025\/11\/update-2_boletim_fiscal-1024x724.png 1024w, https:\/\/comsefaz.org.br\/novo\/wp-content\/uploads\/2025\/11\/update-2_boletim_fiscal-300x212.png 300w, https:\/\/comsefaz.org.br\/novo\/wp-content\/uploads\/2025\/11\/update-2_boletim_fiscal-768x543.png 768w, https:\/\/comsefaz.org.br\/novo\/wp-content\/uploads\/2025\/11\/update-2_boletim_fiscal-1536x1086.png 1536w, https:\/\/comsefaz.org.br\/novo\/wp-content\/uploads\/2025\/11\/update-2_boletim_fiscal.png 1754w\" sizes=\"(max-width: 800px) 100vw, 800px\" \/>\t\t\t\t\t\t\t\t\t\t\t\t\t\t\t<\/div>\n\t\t\t\t<\/div>\n\t\t\t\t<div class=\"elementor-element elementor-element-57bbad8 elementor-widget elementor-widget-heading\" data-id=\"57bbad8\" data-element_type=\"widget\" data-widget_type=\"heading.default\">\n\t\t\t\t<div class=\"elementor-widget-container\">\n\t\t\t\t\t<h2 class=\"elementor-heading-title elementor-size-default\">2\u00aa Edi\u00e7\u00e3o - Update<\/h2>\t\t\t\t<\/div>\n\t\t\t\t<\/div>\n\t\t\t\t<div class=\"elementor-element elementor-element-d51561e elementor-widget elementor-widget-heading\" data-id=\"d51561e\" data-element_type=\"widget\" data-widget_type=\"heading.default\">\n\t\t\t\t<div class=\"elementor-widget-container\">\n\t\t\t\t\t<h2 class=\"elementor-heading-title elementor-size-default\">2025<\/h2>\t\t\t\t<\/div>\n\t\t\t\t<\/div>\n\t\t\t\t<div class=\"elementor-element elementor-element-d84af03 elementor-widget elementor-widget-button\" data-id=\"d84af03\" data-element_type=\"widget\" data-widget_type=\"button.default\">\n\t\t\t\t<div class=\"elementor-widget-container\">\n\t\t\t\t\t\t\t\t\t<div class=\"elementor-button-wrapper\">\n\t\t\t\t\t<a class=\"elementor-button elementor-button-link elementor-size-sm\" href=\"https:\/\/comsefaz.org.br\/novo\/wp-content\/uploads\/2025\/12\/update-2_boletim_fiscal_v2.pdf\" target=\"_blank\">\n\t\t\t\t\t\t<span class=\"elementor-button-content-wrapper\">\n\t\t\t\t\t\t<span class=\"elementor-button-icon\">\n\t\t\t\t<i aria-hidden=\"true\" class=\"far fa-arrow-alt-circle-down\"><\/i>\t\t\t<\/span>\n\t\t\t\t\t\t\t\t\t<span class=\"elementor-button-text\">Visualizar<\/span>\n\t\t\t\t\t<\/span>\n\t\t\t\t\t<\/a>\n\t\t\t\t<\/div>\n\t\t\t\t\t\t\t\t<\/div>\n\t\t\t\t<\/div>\n\t\t\t\t<\/div>\n\t\t<div class=\"elementor-element elementor-element-a8f5ad6 e-con-full e-flex e-con e-child\" data-id=\"a8f5ad6\" data-element_type=\"container\">\n\t\t\t\t<div class=\"elementor-element elementor-element-4ccd594 e-transform elementor-widget elementor-widget-image\" data-id=\"4ccd594\" data-element_type=\"widget\" data-settings=\"{&quot;_transform_translateY_effect_hover&quot;:{&quot;unit&quot;:&quot;px&quot;,&quot;size&quot;:-10,&quot;sizes&quot;:[]},&quot;_transform_translateX_effect_hover&quot;:{&quot;unit&quot;:&quot;px&quot;,&quot;size&quot;:&quot;&quot;,&quot;sizes&quot;:[]},&quot;_transform_translateX_effect_hover_tablet&quot;:{&quot;unit&quot;:&quot;px&quot;,&quot;size&quot;:&quot;&quot;,&quot;sizes&quot;:[]},&quot;_transform_translateX_effect_hover_mobile&quot;:{&quot;unit&quot;:&quot;px&quot;,&quot;size&quot;:&quot;&quot;,&quot;sizes&quot;:[]},&quot;_transform_translateY_effect_hover_tablet&quot;:{&quot;unit&quot;:&quot;px&quot;,&quot;size&quot;:&quot;&quot;,&quot;sizes&quot;:[]},&quot;_transform_translateY_effect_hover_mobile&quot;:{&quot;unit&quot;:&quot;px&quot;,&quot;size&quot;:&quot;&quot;,&quot;sizes&quot;:[]}}\" data-widget_type=\"image.default\">\n\t\t\t\t<div class=\"elementor-widget-container\">\n\t\t\t\t\t\t\t\t\t\t\t\t\t\t\t<img loading=\"lazy\" decoding=\"async\" width=\"800\" height=\"566\" src=\"https:\/\/comsefaz.org.br\/novo\/wp-content\/uploads\/2025\/06\/boletim_fiscal_dos_estados_2_edicao_v2-1024x724.png\" class=\"attachment-large size-large wp-image-13539\" alt=\"\" srcset=\"https:\/\/comsefaz.org.br\/novo\/wp-content\/uploads\/2025\/06\/boletim_fiscal_dos_estados_2_edicao_v2-1024x724.png 1024w, https:\/\/comsefaz.org.br\/novo\/wp-content\/uploads\/2025\/06\/boletim_fiscal_dos_estados_2_edicao_v2-300x212.png 300w, https:\/\/comsefaz.org.br\/novo\/wp-content\/uploads\/2025\/06\/boletim_fiscal_dos_estados_2_edicao_v2-768x543.png 768w, https:\/\/comsefaz.org.br\/novo\/wp-content\/uploads\/2025\/06\/boletim_fiscal_dos_estados_2_edicao_v2-1536x1086.png 1536w, https:\/\/comsefaz.org.br\/novo\/wp-content\/uploads\/2025\/06\/boletim_fiscal_dos_estados_2_edicao_v2.png 1754w\" sizes=\"(max-width: 800px) 100vw, 800px\" \/>\t\t\t\t\t\t\t\t\t\t\t\t\t\t\t<\/div>\n\t\t\t\t<\/div>\n\t\t\t\t<div class=\"elementor-element elementor-element-ed4f441 elementor-widget elementor-widget-heading\" data-id=\"ed4f441\" data-element_type=\"widget\" data-widget_type=\"heading.default\">\n\t\t\t\t<div class=\"elementor-widget-container\">\n\t\t\t\t\t<h2 class=\"elementor-heading-title elementor-size-default\">2\u00aa Edi\u00e7\u00e3o<\/h2>\t\t\t\t<\/div>\n\t\t\t\t<\/div>\n\t\t\t\t<div class=\"elementor-element elementor-element-a4380a0 elementor-widget elementor-widget-heading\" data-id=\"a4380a0\" data-element_type=\"widget\" data-widget_type=\"heading.default\">\n\t\t\t\t<div class=\"elementor-widget-container\">\n\t\t\t\t\t<h2 class=\"elementor-heading-title elementor-size-default\">2025<\/h2>\t\t\t\t<\/div>\n\t\t\t\t<\/div>\n\t\t\t\t<div class=\"elementor-element elementor-element-026bcc9 elementor-widget elementor-widget-button\" data-id=\"026bcc9\" data-element_type=\"widget\" data-widget_type=\"button.default\">\n\t\t\t\t<div class=\"elementor-widget-container\">\n\t\t\t\t\t\t\t\t\t<div class=\"elementor-button-wrapper\">\n\t\t\t\t\t<a class=\"elementor-button elementor-button-link elementor-size-sm\" href=\"https:\/\/comsefaz.org.br\/novo\/wp-content\/uploads\/2025\/06\/boletim_fiscal_dos_estados_2_edicao_v2.pdf\" target=\"_blank\">\n\t\t\t\t\t\t<span class=\"elementor-button-content-wrapper\">\n\t\t\t\t\t\t<span class=\"elementor-button-icon\">\n\t\t\t\t<i aria-hidden=\"true\" class=\"far fa-arrow-alt-circle-down\"><\/i>\t\t\t<\/span>\n\t\t\t\t\t\t\t\t\t<span class=\"elementor-button-text\">Visualizar<\/span>\n\t\t\t\t\t<\/span>\n\t\t\t\t\t<\/a>\n\t\t\t\t<\/div>\n\t\t\t\t\t\t\t\t<\/div>\n\t\t\t\t<\/div>\n\t\t\t\t<\/div>\n\t\t<div class=\"elementor-element elementor-element-e1608b0 e-con-full e-flex e-con e-child\" data-id=\"e1608b0\" data-element_type=\"container\">\n\t\t\t\t<div class=\"elementor-element elementor-element-2f825d8 e-transform elementor-widget elementor-widget-image\" data-id=\"2f825d8\" data-element_type=\"widget\" data-settings=\"{&quot;_transform_translateY_effect_hover&quot;:{&quot;unit&quot;:&quot;px&quot;,&quot;size&quot;:-10,&quot;sizes&quot;:[]},&quot;_transform_translateX_effect_hover&quot;:{&quot;unit&quot;:&quot;px&quot;,&quot;size&quot;:&quot;&quot;,&quot;sizes&quot;:[]},&quot;_transform_translateX_effect_hover_tablet&quot;:{&quot;unit&quot;:&quot;px&quot;,&quot;size&quot;:&quot;&quot;,&quot;sizes&quot;:[]},&quot;_transform_translateX_effect_hover_mobile&quot;:{&quot;unit&quot;:&quot;px&quot;,&quot;size&quot;:&quot;&quot;,&quot;sizes&quot;:[]},&quot;_transform_translateY_effect_hover_tablet&quot;:{&quot;unit&quot;:&quot;px&quot;,&quot;size&quot;:&quot;&quot;,&quot;sizes&quot;:[]},&quot;_transform_translateY_effect_hover_mobile&quot;:{&quot;unit&quot;:&quot;px&quot;,&quot;size&quot;:&quot;&quot;,&quot;sizes&quot;:[]}}\" data-widget_type=\"image.default\">\n\t\t\t\t<div class=\"elementor-widget-container\">\n\t\t\t\t\t\t\t\t\t\t\t\t\t\t\t<img loading=\"lazy\" decoding=\"async\" width=\"800\" height=\"566\" src=\"https:\/\/comsefaz.org.br\/novo\/wp-content\/uploads\/2025\/06\/capa_2_Prancheta-1-1024x724.png\" class=\"attachment-large size-large wp-image-13447\" alt=\"\" srcset=\"https:\/\/comsefaz.org.br\/novo\/wp-content\/uploads\/2025\/06\/capa_2_Prancheta-1-1024x724.png 1024w, https:\/\/comsefaz.org.br\/novo\/wp-content\/uploads\/2025\/06\/capa_2_Prancheta-1-300x212.png 300w, https:\/\/comsefaz.org.br\/novo\/wp-content\/uploads\/2025\/06\/capa_2_Prancheta-1-768x543.png 768w, https:\/\/comsefaz.org.br\/novo\/wp-content\/uploads\/2025\/06\/capa_2_Prancheta-1-1536x1086.png 1536w, https:\/\/comsefaz.org.br\/novo\/wp-content\/uploads\/2025\/06\/capa_2_Prancheta-1-2048x1448.png 2048w\" sizes=\"(max-width: 800px) 100vw, 800px\" \/>\t\t\t\t\t\t\t\t\t\t\t\t\t\t\t<\/div>\n\t\t\t\t<\/div>\n\t\t\t\t<div class=\"elementor-element elementor-element-ce05700 elementor-widget elementor-widget-heading\" data-id=\"ce05700\" data-element_type=\"widget\" data-widget_type=\"heading.default\">\n\t\t\t\t<div class=\"elementor-widget-container\">\n\t\t\t\t\t<h2 class=\"elementor-heading-title elementor-size-default\">1\u00aa Edi\u00e7\u00e3o - Update<\/h2>\t\t\t\t<\/div>\n\t\t\t\t<\/div>\n\t\t\t\t<div class=\"elementor-element elementor-element-14e22be elementor-widget elementor-widget-heading\" data-id=\"14e22be\" data-element_type=\"widget\" data-widget_type=\"heading.default\">\n\t\t\t\t<div class=\"elementor-widget-container\">\n\t\t\t\t\t<h2 class=\"elementor-heading-title elementor-size-default\">2025<\/h2>\t\t\t\t<\/div>\n\t\t\t\t<\/div>\n\t\t\t\t<div class=\"elementor-element elementor-element-297ba3e elementor-widget elementor-widget-button\" data-id=\"297ba3e\" data-element_type=\"widget\" data-widget_type=\"button.default\">\n\t\t\t\t<div class=\"elementor-widget-container\">\n\t\t\t\t\t\t\t\t\t<div class=\"elementor-button-wrapper\">\n\t\t\t\t\t<a class=\"elementor-button elementor-button-link elementor-size-sm\" href=\"https:\/\/comsefaz.org.br\/novo\/wp-content\/uploads\/2025\/06\/update_boletim_fiscal_dos_estados_1_edicao_v2.pdf\" target=\"_blank\">\n\t\t\t\t\t\t<span class=\"elementor-button-content-wrapper\">\n\t\t\t\t\t\t<span class=\"elementor-button-icon\">\n\t\t\t\t<i aria-hidden=\"true\" class=\"far fa-arrow-alt-circle-down\"><\/i>\t\t\t<\/span>\n\t\t\t\t\t\t\t\t\t<span class=\"elementor-button-text\">Visualizar<\/span>\n\t\t\t\t\t<\/span>\n\t\t\t\t\t<\/a>\n\t\t\t\t<\/div>\n\t\t\t\t\t\t\t\t<\/div>\n\t\t\t\t<\/div>\n\t\t\t\t<\/div>\n\t\t<div class=\"elementor-element elementor-element-476176e e-con-full e-flex e-con e-child\" data-id=\"476176e\" data-element_type=\"container\">\n\t\t\t\t<div class=\"elementor-element elementor-element-3c59dc7 e-transform elementor-widget elementor-widget-image\" data-id=\"3c59dc7\" data-element_type=\"widget\" data-settings=\"{&quot;_transform_translateY_effect_hover&quot;:{&quot;unit&quot;:&quot;px&quot;,&quot;size&quot;:-10,&quot;sizes&quot;:[]},&quot;_transform_translateX_effect_hover&quot;:{&quot;unit&quot;:&quot;px&quot;,&quot;size&quot;:&quot;&quot;,&quot;sizes&quot;:[]},&quot;_transform_translateX_effect_hover_tablet&quot;:{&quot;unit&quot;:&quot;px&quot;,&quot;size&quot;:&quot;&quot;,&quot;sizes&quot;:[]},&quot;_transform_translateX_effect_hover_mobile&quot;:{&quot;unit&quot;:&quot;px&quot;,&quot;size&quot;:&quot;&quot;,&quot;sizes&quot;:[]},&quot;_transform_translateY_effect_hover_tablet&quot;:{&quot;unit&quot;:&quot;px&quot;,&quot;size&quot;:&quot;&quot;,&quot;sizes&quot;:[]},&quot;_transform_translateY_effect_hover_mobile&quot;:{&quot;unit&quot;:&quot;px&quot;,&quot;size&quot;:&quot;&quot;,&quot;sizes&quot;:[]}}\" data-widget_type=\"image.default\">\n\t\t\t\t<div class=\"elementor-widget-container\">\n\t\t\t\t\t\t\t\t\t\t\t\t\t\t\t<img loading=\"lazy\" decoding=\"async\" width=\"800\" height=\"566\" src=\"https:\/\/comsefaz.org.br\/novo\/wp-content\/uploads\/2025\/06\/capa_1_Prancheta-1-1024x724.png\" class=\"attachment-large size-large wp-image-13443\" alt=\"\" srcset=\"https:\/\/comsefaz.org.br\/novo\/wp-content\/uploads\/2025\/06\/capa_1_Prancheta-1-1024x724.png 1024w, https:\/\/comsefaz.org.br\/novo\/wp-content\/uploads\/2025\/06\/capa_1_Prancheta-1-300x212.png 300w, https:\/\/comsefaz.org.br\/novo\/wp-content\/uploads\/2025\/06\/capa_1_Prancheta-1-768x543.png 768w, https:\/\/comsefaz.org.br\/novo\/wp-content\/uploads\/2025\/06\/capa_1_Prancheta-1-1536x1086.png 1536w, https:\/\/comsefaz.org.br\/novo\/wp-content\/uploads\/2025\/06\/capa_1_Prancheta-1-2048x1448.png 2048w\" sizes=\"(max-width: 800px) 100vw, 800px\" \/>\t\t\t\t\t\t\t\t\t\t\t\t\t\t\t<\/div>\n\t\t\t\t<\/div>\n\t\t\t\t<div class=\"elementor-element elementor-element-6308aa3 elementor-widget elementor-widget-heading\" data-id=\"6308aa3\" data-element_type=\"widget\" data-widget_type=\"heading.default\">\n\t\t\t\t<div class=\"elementor-widget-container\">\n\t\t\t\t\t<h2 class=\"elementor-heading-title elementor-size-default\">1\u00aa Edi\u00e7\u00e3o<\/h2>\t\t\t\t<\/div>\n\t\t\t\t<\/div>\n\t\t\t\t<div class=\"elementor-element elementor-element-07de94b elementor-widget elementor-widget-heading\" data-id=\"07de94b\" data-element_type=\"widget\" data-widget_type=\"heading.default\">\n\t\t\t\t<div class=\"elementor-widget-container\">\n\t\t\t\t\t<h2 class=\"elementor-heading-title elementor-size-default\">2024<\/h2>\t\t\t\t<\/div>\n\t\t\t\t<\/div>\n\t\t\t\t<div class=\"elementor-element elementor-element-11fc94e elementor-widget elementor-widget-button\" data-id=\"11fc94e\" data-element_type=\"widget\" data-widget_type=\"button.default\">\n\t\t\t\t<div class=\"elementor-widget-container\">\n\t\t\t\t\t\t\t\t\t<div class=\"elementor-button-wrapper\">\n\t\t\t\t\t<a class=\"elementor-button elementor-button-link elementor-size-sm\" href=\"https:\/\/comsefaz.org.br\/novo\/wp-content\/uploads\/2024\/12\/boletim_fiscal_dos_estados_1_relatorio_final.pdf\" target=\"_blank\">\n\t\t\t\t\t\t<span class=\"elementor-button-content-wrapper\">\n\t\t\t\t\t\t<span class=\"elementor-button-icon\">\n\t\t\t\t<i aria-hidden=\"true\" class=\"far fa-arrow-alt-circle-down\"><\/i>\t\t\t<\/span>\n\t\t\t\t\t\t\t\t\t<span class=\"elementor-button-text\">Visualizar<\/span>\n\t\t\t\t\t<\/span>\n\t\t\t\t\t<\/a>\n\t\t\t\t<\/div>\n\t\t\t\t\t\t\t\t<\/div>\n\t\t\t\t<\/div>\n\t\t\t\t<\/div>\n\t\t\t\t<\/div>\n\t\t\t\t\t<\/div>\n\t\t\t\t<\/div>\n\t\t\t\t<\/div>\n\t\t","protected":false},"excerpt":{"rendered":"<p>Federalismo em Foco: Boletim Fiscal dos Estados O boletim \u00e9 uma contribui\u00e7\u00e3o do Comsefaz e do CICEF para a discuss\u00e3o macroecon\u00f4mica do pa\u00eds, com destaque particular para as \u00e1reas fiscal, [&hellip;]<\/p>\n","protected":false},"author":2,"featured_media":0,"parent":0,"menu_order":0,"comment_status":"closed","ping_status":"closed","template":"elementor_header_footer","meta":{"_acf_changed":false,"om_disable_all_campaigns":false,"_monsterinsights_skip_tracking":false,"_monsterinsights_sitenote_active":false,"_monsterinsights_sitenote_note":"","_monsterinsights_sitenote_category":0,"_EventAllDay":false,"_EventTimezone":"","_EventStartDate":"","_EventEndDate":"","_EventStartDateUTC":"","_EventEndDateUTC":"","_EventShowMap":false,"_EventShowMapLink":false,"_EventURL":"","_EventCost":"","_EventCostDescription":"","_EventCurrencySymbol":"","_EventCurrencyCode":"","_EventCurrencyPosition":"","_EventDateTimeSeparator":"","_EventTimeRangeSeparator":"","_EventOrganizerID":[],"_EventVenueID":[],"_OrganizerEmail":"","_OrganizerPhone":"","_OrganizerWebsite":"","_VenueAddress":"","_VenueCity":"","_VenueCountry":"","_VenueProvince":"","_VenueState":"","_VenueZip":"","_VenuePhone":"","_VenueURL":"","_VenueStateProvince":"","_VenueLat":"","_VenueLng":"","_VenueShowMap":false,"_VenueShowMapLink":false,"footnotes":""},"class_list":["post-13430","page","type-page","status-publish","hentry"],"acf":[],"aioseo_notices":[],"jetpack_sharing_enabled":true,"_links":{"self":[{"href":"https:\/\/comsefaz.org.br\/novo\/wp-json\/wp\/v2\/pages\/13430","targetHints":{"allow":["GET"]}}],"collection":[{"href":"https:\/\/comsefaz.org.br\/novo\/wp-json\/wp\/v2\/pages"}],"about":[{"href":"https:\/\/comsefaz.org.br\/novo\/wp-json\/wp\/v2\/types\/page"}],"author":[{"embeddable":true,"href":"https:\/\/comsefaz.org.br\/novo\/wp-json\/wp\/v2\/users\/2"}],"replies":[{"embeddable":true,"href":"https:\/\/comsefaz.org.br\/novo\/wp-json\/wp\/v2\/comments?post=13430"}],"version-history":[{"count":34,"href":"https:\/\/comsefaz.org.br\/novo\/wp-json\/wp\/v2\/pages\/13430\/revisions"}],"predecessor-version":[{"id":14660,"href":"https:\/\/comsefaz.org.br\/novo\/wp-json\/wp\/v2\/pages\/13430\/revisions\/14660"}],"wp:attachment":[{"href":"https:\/\/comsefaz.org.br\/novo\/wp-json\/wp\/v2\/media?parent=13430"}],"curies":[{"name":"wp","href":"https:\/\/api.w.org\/{rel}","templated":true}]}}